a factor of 392322195?
False
Is 58190832 a multiple of 16?
True
Is 2197497000 a multiple of 23?
False
Is 22 a factor of 40442185?
False
Is 1666059772 a multiple of 1949?
True
Is 759592667 a multiple of 113?
True
Is 10725416 a multiple of 11?
False
Is 3 a factor of 246800272?
False
Is 237326250 a multiple of 2625?
True
Is 60 a factor of 156505553?
False
Is 651 a factor of 82046713?
False
Is 149363380 a multiple of 1220?
True
Is 24174864 a multiple of 1044?
True
Is 51 a factor of 59439276?
True
Is 20538797 a multiple of 79?
False
Is 99 a factor of 13755579?
False
Is 65185019 a multiple of 171?
False
Does 185 divide 200263980?
True
Is 11940544 a multiple of 11?
True
Is 6704899968 a multiple of 384?
True
Is 131734575 a multiple of 5?
True
Does 2525 divide 5176250?
True
Is 224 a factor of 699893820?
False
Is 82619966 a multiple of 17?
True
Is 32 a factor of 463070607?
False
Is 1179535140 a multiple of 7140?
True
Is 1455952131 a multiple of 2943?
True
Is 290197998 a multiple of 308?
False
Is 149873994 a multiple of 502?
False
Is 81601 even?
False
Does 187 divide 1032392475?
False
Is 25 a factor of 68688450?
True
Does 5 divide 6282830?
True
Does 2 divide 13494103?
False
Is 249 a factor of 128184859?
False
Is 148311502 a multiple of 62?
True
Does 184 divide 2992015961?
False
Is 205985175 a multiple of 95?
True
Does 3928 divide 18626576?
True
Is 1003 a factor of 291688184?
False
Does 2326 divide 1840549844?
True
Does 2179 divide 1270856591?
False
Is 251488554 a multiple of 16?
False
Does 14 divide 16352407?
False
Is 269504479 a multiple of 97?
False
Is 87 a factor of 311849325?
True
Is 11 a factor of 2440548?
True
Is 140 a factor of 384699975?
False
Is 41817000 a multiple of 106?
True
Is 76592891 a multiple of 162?
False
Is 16674516 a multiple of 77?
False
Is 55883646 a multiple of 78?
True
Does 2 divide 5339941?
False
Does 1060 divide 552341620?
True
Is 59216628 a multiple of 69?
True
Does 2589 divide 3255494037?
True
Does 8 divide 624900104?
True
Does 9 divide 804281383?
False
Is 6 a factor of 510650478?
True
Does 2 divide 1823483?
False
Does 8 divide 2266075821?
False
Does 960 divide 3111554?
False
Is 268910228 a multiple of 5254?
True
Is 2986 a factor of 640804558?
True
Is 1094259364 a multiple of 8?
False
Is 814244126 a multiple of 7336?
False
Is 215568594 a multiple of 33?
False
Is 77227992 a multiple of 47?
False
Does 395 divide 104459330?
True
Is 326 a factor of 89426364?
True
Does 91 divide 431878482?
False
Is 274835615 a multiple of 137?
False
Is 88398298 a multiple of 6?
False
Does 26 divide 2956070?
True
Is 20 a factor of 29923370?
False
Is 127 a factor of 142971872?
False
Does 1109 divide 2583423263?
True
Is 2416 a factor of 29890846?
False
Is 503 a factor of 406833945?
True
Does 482 divide 881377970?
True
Is 136397761 a multiple of 362?
False
Is 37410624 a multiple of 607?
True
Is 3799 a factor of 40539229?
False
Is 10 a factor of 8759522?
False
Is 49869965 a multiple of 206?
False
Is 382 a factor of 1141246535?
False
Is 10 a factor of 1173387?
False
Does 500 divide 795283000?
True
Does 1192 divide 81489924?
False
Is 1844843 a multiple of 102?
False
Is 92269232 a multiple of 22?
True
Is 32785943 a multiple of 3?
False
Is 4225786 even?
True
Is 74 a factor of 7182296588?
True
Is 15 a factor of 502662113?
False
Is 436751645 a multiple of 77?
False
Is 152453309 a multiple of 6?
False
Does 19 divide 160170684?
True
Is 785748632 a multiple of 376?
True
Does 50 divide 17116050?
True
Is 876 a factor of 19758360?
False
Does 153 divide 7865577?
True
Is 11 a factor of 400439964?
False
Does 15 divide 259547670?
True
Is 87993021 a multiple of 1101?
True
Does 3 divide 8206769?
False
Does 140 divide 527157400?
True
Does 985 divide 1080117936?
False
Is 907 a factor of 70176404?
True
Does 15 divide 1868371439?
False
Does 20 divide 3727990?
False
Is 3877 a factor of 112041423?
True
Does 831 divide 60636364?
False
Is 22 a factor of 74320994?
True
Does 519 divide 718577774?
False
Is 13 a factor of 51232984?
False
Does 188 divide 1094889064?
True
Does 1717 divide 42892377?
True
Is 4274843544 a multiple of 426?
True
Does 86 divide 87301071?
False
Does 2861 divide 88267572?
True
Is 19 a factor of 251954054?
False
Does 32 divide 633236092?
False
Is 3941951160 a multiple of 7140?
True
Does 3045 divide 2758090965?
True
Is 21674901 a multiple of 135?
False
Is 279 a factor of 503449681?
False
Does 4419 divide 1392382710?
True
Does 26 divide 42411772?
True
Is 89 a factor of 142863690?
True
Is 93101616 a multiple of 108?
True
Does 1527 divide 953572624?
False
Is 102580296 a multiple of 312?
True
Is 4 a factor of 504684864?
True
Is 146 a factor of 4588488?
True
Is 157059883 a multiple of 12?
False
Is 291246583 a multiple of 1891?
False
Is 63295246 a multiple of 7?
True
Is 25 a factor of 645145203?
False
Does 399 divide 31010777?
False
Is 25 a factor of 55792087?
False
Is 11076991 a multiple of 385?
False
Does 66 divide 33802626?
True
Is 73 a factor of 133019067?
True
Is 827246472 a multiple of 2067?
True
Is 317 a factor of 67094952?
True
Is 36 a factor of 21555648?
True
Does 1174 divide 2702287276?
False
Is 852511176 a multiple of 72?
True
Is 33056028 a multiple of 18?
True
Is 256624520 a multiple of 428?
True
Is 205 a factor of 84053895?
True
Does 94 divide 88070480?
True
Does 83 divide 106499541?
True
Is 753 a factor of 139417819?
False
Is 32 a factor of 17903563?
False
Does 16 divide 364369984?
True
Is 80616352 a multiple of 7?
False
Is 131336409 a multiple of 215?
False
Is 1502 a factor of 264581806?
True
Is 22 a factor of 158805218?
True
Is 164 a factor of 20135592?
True
Does 204 divide 195089030?
False
Is 9940612 a multiple of 157?
True
Is 98309710 a multiple of 58?
True
Is 58609572 a multiple of 292?
False
Is 689132145 a multiple of 2873?
True
Is 35 a factor of 166568780?
True
Is 109 a factor of 3055452139?
True
Is 688 a factor of 2727342?
False
Is 483 a factor of 28941360?
True
Is 2572932045 a multiple of 1119?
False
Is 108903027 a multiple of 196?
False
Is 2332552505 a multiple of 29?
True
Is 426 a factor of 1026503268?
False
Is 308 a factor of 2090103423?
False
Is 108 a factor of 5100411?
False
Is 15452378 a multiple of 349?
False
Is 12898291 a multiple of 283?
True
Is 163514284 a multiple of 2?
True
Is 488497338 a multiple of 25?
False
Does 1266 divide 153550660?
False
Is 555170582 a multiple of 2?
True
Does 106 divide 17615673?
False
Does 6 divide 10342548?
True
Is 24 a factor of 34444464?
True
Is 7943316 a multiple of 524?
True
Is 1688 a factor of 10102680?
True
Is 895067088 a multiple of 13?
False
Is 33993568 a multiple of 224?
True
Is 31 a factor of 50711257?
True
Is 33712745 a multiple of 237?
False
Does 4 divide 1027887806?
False
Is 364790224 a multiple of 9?
False
Is 20440446 a multiple of 3?
True
Does 1110 divide 10297289?
False
Is 34 a factor of 449071806?
False
Does 26 divide 281257002?
True
Is 60427198 a multiple of 11?
False
Is 716037243 a multiple of 1402?
False
Is 99628720 a multiple of 188?
True
Is 115 a factor of 98300160?
True
Does 3610 divide 158876100?
True
Does 17 divide 810454845?
False
Is 4863031469 a multiple of 36?
False
Is 23376672 a multiple of 188?
True
Is 4610373 a multiple of 22?
False
Does 37 divide 105067262?
False
Does 550 divide 3306675?
False
Is 45425 a multiple of 115?
True
Is 635187885 a multiple of 38?
False
Does 47 divide 320074371?
True
Is 1617370 a multiple of 10?
True
Is 110962767 a multiple of 2150?
False
Does 16 divide 3217408?
True
Is 2022 a factor of 3096633161?
False
Does 299 divide 117839?
False
Is 7748787 a multiple of 17?
True
Is 310252712 a multiple of 4642?
True
Does 16 divide 311494303?
False
Does 26 divide 33768681?
False
Is 4038736 a multiple of 33?
False
Does 6 divide 359738670?
True
Does 14 divide 4943232?
True
Does 12 divide 819226490?
False
Is 3 a factor of 92846225?
False
Is 101373246 a multiple of 2223?
True
Is 2101 a factor of 790280645?
True
Is 12 a factor of 1698068508?
True
Is 27 a factor of 125957187?
True
Is 1478 a factor of 914882?
True
Is 144 a factor of 256299416?
False
Is 27966552 a multiple of 1847?
False
Is 238795 a multiple of 52?
False
Is 2 a factor of 1748995?
False
Is 9989908 a multiple of 513?
False
Does 584 divide 3512505290?
False
Is 358 a factor of 211976454?
True
Is 1670760